(l) = l**3 + 20*l**2 - 14*l - 18. Let y be m(-20). Suppose -178 - y = -10*u. What is the highest common factor of u and 132?
44
Suppose 4*u = -1 - 3. Let b be (-5 - u)*(-9)/6. Let i(j) = 4*j**2 - 3*j - 18. Let f be i(3). Calculate the greatest common factor of b and f.
3
Let o be -3 - (2 + 79 + -3). Let i be o*(-5 + 2 - -2). Calculate the highest common factor of i and 9.
9
Let h(g) be the third derivative of 11*g**5/30 + g**4/24 + g**2. Let y be h(1). Calculate the highest common factor of 207 and y.
23
Let t = -72 + 77. Let p(v) = v**3 - 8*v**2 + 17*v - 8. Let j be p(t). What is the greatest common factor of 26 and j?
2
Suppose -12*u = -633 + 489. Let q = -11 - -1. Let x = -2 - q. What is the greatest common factor of x and u?
4
Suppose 0 = -122*o + 119*o + 264. What is the greatest common factor of 418 and o?
22
Let p be (-11)/(-2)*1*(0 - 2). Let b = 18 - 32. Let z = p - b. What is the greatest common divisor of z and 33?
3
Suppose -17*y + 3070 + 8762 = 0. What is the highest common divisor of y and 16?
8
Suppose 4*b = 2*x - 1632, -4*b - 3264 = 2*x - 6*x. Calculate the greatest common factor of 17 and x.
17
Suppose 5*z - 4*v - 1060 = 0, -2*z = -v - 336 - 85. Calculate the greatest common divisor of 26 and z.
26
Suppose 0 = 20*v - 18*v - 4. Suppose v*r = -13 + 151. Suppose 5*a - 35 = 80. Calculate the greatest common factor of a and r.
23
Let t be (-4 - -7) + 3/6*8. Suppose 143 = t*b - 585. What is the highest common factor of b and 13?
13
Let k = 2267 + -1790. Calculate the greatest common divisor of k and 18.
9
Let h = 613 - 364. Let m = -138 + h. What is the greatest common divisor of 74 and m?
37
Let w be (-7)/(-28) - 84/(-48). What is the highest common factor of 8 and w?
2
Let a = -511 + 589. Calculate the greatest common factor of 156 and a.
78
Let r(q) = q**2 - 4. Let k be r(-2). Suppose h + 1345 = 6*h + x, k = -5*x - 25. What is the highest common divisor of h and 30?
30
Let z be ((-2)/4)/(12/(-120)). Suppose 3*u - 82 = -2*t, z*u - 111 = -4*t + 23. What is the greatest common divisor of u and 12?
6
Let x be -2 + (-1 - -8 - 1). Let z be 24/(-10)*(-9 + x). Suppose -f - 3*d + 321 = 2*f, 4*d = -z. Calculate the greatest common divisor of f and 10.
10
Let d be 2143 + -2 - (-3 + 24 - 15). Calculate the highest common divisor of 7 and d.
7
Let a = -17 - -29. Let g = a + -13. Let l(w) = -14*w + 1. Let q be l(g). Calculate the highest common divisor of 10 and q.
5
Let u be (4/10)/((-5)/(-75)). Let j(s) be the second derivative of 4*s**3/3 - 5*s**2 - 9*s. Let k be j(8). What is the greatest common divisor of u and k?
6
Let i(h) = -h + 1. Let y(c) = -c - 8. Let b be y(-8). Let f be i(b). Let s be ((-25)/5)/(f/(-2)). Calculate the greatest common factor of s and 30.
10
Let s(y) = y**3 + 50*y**2 + 28*y - 213. Let x be s(-49). Calculate the greatest common factor of 85 and x.
17
Let y be (1/1)/(3/9). Let u(q) = 33*q + 1. Let l be u(3). Suppose 136 = 4*n + 4*v, -2*v = -4*n + y*v + l. Calculate the highest common divisor of n and 6.
6
Let u = 187 + -35. Let d be ((-26)/(-4) + 3)/((-1)/(-2)). What is the greatest common divisor of d and u?
19
Let r = -139 - -326. Suppose -g = 2*g. Suppose -5*x - 7 = -p - 0, -5*x + 10 = g. What is the highest common divisor of p and r?
17
Suppose 2*x + 10 = 28. Let w be 204/x*5/(20/6). Let g = -145 - -230. Calculate the highest common factor of g and w.
17
Suppose -2*p - 3*w = -115, 0 = 2*p - w - 3*w - 80. Let f be 4 - (-1 - ((-4 - 1) + 5 - -5)). What is the greatest common factor of f and p?
10
Suppose -3*g + 2*b + 671 - 12 = 0, 0 = -4*g - 3*b + 856. What is the greatest common factor of 124 and g?
31
Let o(p) = -3*p**2 + 36*p - 45. Let k be o(7). What is the greatest common divisor of 24 and k?
12
Let u(o) = o**3 - 33*o**2 + 36*o. Let q be u(32). Calculate the greatest common factor of q and 24.
8
Suppose j + 2*j - 15 = 0. Suppose -3*o + 48 = -o. Suppose -7*l = -j*l - o. What is the greatest common factor of l and 8?
4
Let m(v) = -4*v**3 - 5*v**2 + 5*v + 6. Let s be m(-4). Suppose s = 7*f - 5*f. Calculate the greatest common divisor of 9 and f.
9
Let z be (-8 - 156/(-18))/(2/108). Let v = 5 + 7. Calculate the highest common factor of z and v.
12
Let n be -10*(36/15)/(-4). Suppose d - n - 2 = 0. What is the highest common divisor of d and 4?
4
Suppose 12 = 3*i, 10*i + 11 = 3*f + 6*i. Calculate the greatest common divisor of 117 and f.
9
Let w = -623 - -643. Calculate the highest common divisor of w and 16.
4
Let o(q) = -4*q + 508. Let m be o(23). Calculate the highest common factor of 52 and m.
52
Let y be (0 + (-1)/1)/(-2 + 1). Let h be 3*y - (-5 - (5 - 8)). What is the greatest common factor of 1 and h?
1
Suppose -10474 = -226*i + 8514 - 908. Let a be -2*((-21)/2 + 0). Suppose -3*y + 69 = a. What is the highest common factor of i and y?
16
Let a = -635 - -731. Suppose 2*w + 4*p - 24 = 0, p + 75 = w + 3*w. Let o be 1*w*(-4)/(-3). What is the highest common divisor of o and a?
24
Let s be (-5 - -11 - 5)*12. Let d(g) = 5*g + 2. Let h be d(2). What is the highest common divisor of s and h?
12
Let a(x) = 815*x**2 + 8*x - 7. Let m be a(1). Calculate the greatest common factor of m and 51.
51
Let s(l) = l**3 + 9*l**2 - 21*l + 25. Let v be s(-10). Calculate the greatest common divisor of v and 189.
27
Let g = 381 - 172. Let d be 2/(-3)*2052/(-72). What is the highest common factor of d and g?
19
Let c(l) = 6*l - 2. Let d be c(4). Suppose 6 = 4*p - 2. Calculate the highest common factor of d and p.
2
Suppose 296 = q + u - 187, -q = 4*u - 492. Suppose -2*p - 3*p = -q. Let a = p + -58. What is the highest common factor of a and 57?
19
Let o be -80*1*5/(-4). Let g = 60 - 112. Let b = -27 - g. What is the greatest common divisor of o and b?
25
Suppose 0 = -i + 4*t - 3, -2*t = 5*i + 3*t - 10. Suppose -a - 3 = r, -22*a + 23*a + 8 = -2*r. Calculate the greatest common factor of a and i.
1
Suppose -6*o + 877 = -53. Let p = -89 + o. Let k = -2 - -8. What is the highest common divisor of k and p?
6
Suppose -3*i = -10 + 1. Suppose -2*r + 0*r = -4. Let h = 1 + r. Calculate the greatest common divisor of i and h.
3
Suppose -5*n = -4*l - 17, 2*n + 7 = 3*n + l. Suppose 18*a = 8*a + 550. Calculate the highest common divisor of a and n.
5
Suppose -4*n = 20, -5*g - 263 + 13 = 3*n. Let b = -17 - g. Let i = 48 + -3. Calculate the highest common divisor of b and i.
15
Let x(h) = h**2 + 7*h - 59. Let p be x(9). Calculate the highest common factor of 51 and p.
17
Let p = 13 - 13. Let u be (p - 6/(-3)) + 20. Let x(o) = -o**3 + 9*o**2 - 8*o + 2. Let g be x(8). What is the highest common divisor of u and g?
2
Suppose 5*m - 766 = 384. Suppose -u - 4*u = -m. Calculate the greatest common divisor of u and 69.
23
Suppose 6*f - 14*f + 240 = 0. Let q = -9 + f. What is the highest common factor of q and 28?
7
Let p = -717 - -768. Calculate the greatest common divisor of p and 1887.
51
Let o = 273 - 467. Let n = -98 - o. What is the greatest common factor of n and 12?
12
Suppose -15*f = -11*f - 44. Suppose 3*i = f + 10. Calculate the greatest common divisor of 35 and i.
7
Suppose 898 = 48*r + 226. Calculate the highest common factor of 686 and r.
14
Let y be (-5 + (-498)/(-42))*7. Suppose -2*o - 3*o - 45 = 0. Let w = o + 21. Calculate the highest common divisor of y and w.
12
Let w = 9042 + -4752. Let s be 3/7 + w/182. What is the highest common divisor of s and 18?
6
Let t be 1506/13 + 22*9/1287. Calculate the greatest common factor of t and 4.
4
Let y(q) = -q**3 + 32*q**2 - q + 49. Let z be y(32). What is the highest common divisor of z and 493?
17
Let l(j) = 4*j**2 + 37*j + 149. Let i be l(-9). What is the greatest common divisor of i and 40?
20
Suppose -2*c + 5*v = -297, v + 800 = 36*c - 31*c. Calculate the highest common factor of 46 and c.
23
Let q be ((42*5)/6)/(1/7). Suppose -35 = 8*t - 9*t. Calculate the highest common factor of t and q.
35
Let i = -172 - -200. Calculate the greatest common divisor of i and 68.
4
Let v be 3 - (6/(-2))/1 - -54. Calculate the highest common factor of 45 and v.
15
Let y = -11 + 11. Suppose -4*n = b - 3*b - 8, y = 3*n - 2*b - 7. Calculate the highest common divisor of n and 5.
1
Let o be 397/3 + -7*(-12)/126. Let f be (-7)/(14/(-32)) - -3. Calculate the greatest common divisor of f and o.
19
Suppose 0 = m + 2*m. 